mber?
True
Let b be (1/(-2))/(1/(-34)). Suppose -5*z = -3 - b. Suppose 0*n = z*n - 60. Is n a prime number?
False
Suppose 10 + 2 = 3*c. Is (-222)/c*2/(-3) composite?
False
Suppose -4*p + 459 = -3169. Is p prime?
True
Suppose 0 = 5*i - 7141 + 146. Is i a prime number?
True
Let y be (45/(-18))/(2/(-4)). Suppose -3*b = -2*n + 413, n - 2*b + 866 = y*n. Is n prime?
False
Suppose p - 5*p = -2*b + 20, 4*p = -2*b + 28. Let s(m) = m**2 + b*m + 7 - 12*m. Is s(0) composite?
False
Let i(x) be the second derivative of x**5/20 + 7*x**4/12 - x**3/6 - 5*x**2/2 + x. Let s be i(-7). Is s + 30 + -1 + 4 composite?
True
Let l(t) = 110*t + 1. Let j(f) = 111*f + 1. Let h(d) = 5*j(d) - 6*l(d). Let g be (-2)/(-9) + 38/(-9). Is h(g) prime?
True
Let g(f) = 158*f**2 + 4*f - 5. Is g(1) composite?
False
Let r = 86 - 46. Suppose 1165 + r = 5*f. Suppose 3*h = -4*q + f, 101 = q + q - 5*h. Is q composite?
True
Suppose -5*f = -5*q - 580, 0 = -5*f - 0*q - 3*q + 604. Is f composite?
True
Suppose -4*t - 108 = -3*a, 3*t + 5*a - 4*a + 94 = 0. Is t/(-12)*(-652)/(-10) composite?
False
Let y = 336 - -277. Is y a prime number?
True
Let k(l) = -8*l**3 + 4*l**2 - 1. Is k(-3) composite?
False
Let q = 6 - 12. Let t(n) = n**2 - 5*n + 5. Is t(q) composite?
False
Suppose 0*f = -3*f - 6. Let q be f/(-1) + -3 + -142. Let i = -84 - q. Is i a prime number?
True
Suppose -2*i + 4*i + 5*z = -11, -1 = -3*i - 4*z. Let n be (i/14)/((-2)/24). Is (45/n - 2)*-4 prime?
False
Let n be 9/(-6) + (-243)/(-2). Suppose 3*h - n = -h. Suppose -4*o - 6 = -h. Is o a prime number?
False
Let q(z) = -4*z**2 + 17*z - 25. Let d(k) = 2*k**2 - 9*k + 12. Let t(s) = 5*d(s) + 2*q(s). Is t(7) a composite number?
False
Suppose -5*s = 5*y + 45, 0 = 5*s - 2*y - 2*y. Is 396 + 1/(s + 3) a prime number?
False
Let r = 4159 - 1224. Is r composite?
True
Suppose 4*p = -4*b + 1068, -p - 811 = -3*b + p. Is b composite?
False
Let r(u) = 470*u**2 + 3*u + 2. Is r(-1) composite?
True
Let r(y) = 5*y**3 + 17*y**2 + 9*y - 22. Let w(h) = 14*h**3 + 50*h**2 + 28*h - 65. Let l(s) = -17*r(s) + 6*w(s). Is l(11) a prime number?
True
Let w = 10 + -10. Suppose -3*m + 78 = -w*m. Is m prime?
False
Let r(i) = -2*i - 12. Let o be r(-8). Is (995/(-10))/((-2)/o) composite?
False
Let h(k) = 22*k**2 + 4 - 4 - 4*k**2 + 1. Suppose -4 = v - 3. Is h(v) composite?
False
Let s(i) = i + 2. Let u be s(-5). Let m(q) = -65*q - 4. Is m(u) prime?
True
Suppose 0 = -2*a + 82 + 1488. Is a a composite number?
True
Suppose -6 = w - 2*a, 3*w - 1 = -w + 3*a. Suppose 0 = w*s - 16, 6*v - v - 2*s = 417. Is v prime?
False
Suppose y + 1 = 4. Suppose -2*j = y*j - 15. Suppose 3*r - 63 = f, -j*r + 3*f + 79 = r. Is r composite?
True
Let k = 76 - -198. Is k prime?
False
Suppose 14 = 4*b + 2*f, -5*b - 5*f - 1 = -26. Suppose -2 = b*c, 4*g = -4*c + 1234 + 38. Is g a prime number?
False
Suppose -4*r + 2*a = -1171 - 825, a - 1497 = -3*r. Is r prime?
True
Let v be (-20)/(-12) + 2/6. Is (-4 - 34)*v/(-4) a composite number?
False
Let m(v) = 2*v**2 - 5*v - 9. Suppose 5 + 9 = -2*i + 2*p, -5*p = -i - 11. Is m(i) a composite number?
True
Let y(r) = 1. Let s(d) = -d + 2. Let a(v) = -s(v) + 5*y(v). Let h be a(0). Let w(n) = 48*n - 1. Is w(h) a prime number?
False
Let a = -3 + 5. Suppose a*d - 10 = 0, 3*j = j - 4*d + 16. Is -2 + (2 - -41) - j composite?
False
Let l(i) = i**2 - 6*i - 7. Let p be l(8). Let n be -2*(-3)/p*114. Suppose -3*k - 10 = -n. Is k prime?
False
Let z = 5 - 3. Suppose t - z*t + 6 = 0. Suppose 3*p = t, a - 81 = -0*a - p. Is a prime?
True
Let l = 6166 + -2117. Is l composite?
False
Suppose -2*n - 2*p = -198, -n + 151 = -p + 50. Suppose -2*j + 50 = 2*o, -j = -5*j + 4*o + n. Is j prime?
False
Suppose -m + 67 = -5*s - 0*s, -2*m - 2*s = -182. Is m prime?
False
Let k(q) = -q**2 + 4*q + 3. Let f be k(-3). Let r = f + 197. Is r prime?
True
Let z(p) = 101*p + 22. Is z(5) a composite number?
True
Suppose 7*l = 3*s + 4*l - 105, -4*l + 58 = 2*s. Is s a composite number?
True
Let i(n) = n - 11. Let c be i(8). Is c + 44/1*5 a composite number?
True
Suppose 2*c = -1 - 3, 0 = -f - 4*c + 252. Let q = 391 - f. Is q a composite number?
False
Let r(n) = n + 12. Let f be r(-9). Suppose f*w - 8*w + 90 = -m, 3*m = -4*w + 91. Is w composite?
False
Let t = 4 + -2. Suppose 12 = -4*o + 4*k, o + 6 = 3*o + t*k. Is (2 - o)*6/4 composite?
False
Let b = 82 - -45. Is b composite?
False
Suppose 3*g - 2*g - 551 = 5*n, n + 3 = 0. Let h be 4/(-20) - (-3728)/(-10). Let k = g + h. Is k a composite number?
False
Let x(i) = -i**2 - 2. Let r be x(0). Let v be 2*r/(4/(-67)). Let s = v - 32. Is s composite?
True
Suppose 0 = 3*a + 3*o - 2139, 3*a = -0*o - o + 2137. Suppose -4*j + 2*f = -1598, 0 = 4*j - 5*f - a - 901. Is j a prime number?
True
Is 4/(-22) + (-43048)/(-88) composite?
True
Let n(q) = q**3 - 3*q**2 - q + 7. Is n(6) prime?
True
Let d(s) = s**2 + s + 2. Let b be d(0). Suppose -5*t = u + 4*u + 5, 3 = -t. Suppose u*w - 75 = -m, 0*w = -w - b. Is m a composite number?
False
Let c(a) = a**3 + 17*a**2 + 2*a - 1. Is c(-10) a prime number?
False
Let o be (-1 + (1 - -1))*-7. Let p be o/3*(-13 + 1). Suppose 2*l - 186 = -p. Is l a prime number?
True
Let t be (226/(-4))/(3/(-18)). Let k = -86 + t. Is k prime?
False
Let s = 2 - -3. Suppose 2*i = 4*t + 22, 78 = 3*i + 4*t - s. Is i a composite number?
True
Suppose 2*x + 3*q - 18 = 0, 2*x = -2*x - 2*q + 52. Is x composite?
True
Let y(r) = -r**3 - 2*r**2 + 2*r + 2. Let z be y(-3). Suppose 0 = z*o - 76 - 439. Is o a composite number?
False
Suppose -11*u = -9*u - 238. Is u a composite number?
True
Let q = -1 + -3. Let y be q*(-1)/2 + -4. Is (34 - y) + 3 + -2 a prime number?
True
Let u(n) = -n + 3. Let g be u(6). Let x(o) = 18*o**2 + o - 2. Is x(g) a composite number?
False
Let m(j) = j**2 - j. Let u(b) = 8*b**2 - 10*b - 5. Let y(n) = -4*m(n) + u(n). Is y(5) a composite number?
True
Suppose 0*x + 3*x = 0. Suppose 15 = -3*m, m = -x*l - 3*l + 64. Is l composite?
False
Let y = -800 + 1145. Suppose -276 = -4*d + 5*i, i = -5*d - 2*i + y. Is d prime?
False
Let p be 2 - 0 - 0/(-5). Suppose p*l - 8 = -0*l. Suppose -80 = -l*x + 228. Is x composite?
True
Let v(y) = y**3 + 12*y**2 + 12*y - 11. Is v(-10) prime?
False
Let l = -18 - 3. Suppose -n = -41 + 6. Let f = l + n. Is f a prime number?
False
Let z = 6 - 12. Let f = 9 + -5. Let j = f - z. Is j a composite number?
True
Is ((-16)/24)/(2/(-1239)) prime?
False
Suppose 0 = -3*j + j. Suppose 0 = i - 2 - j. Is i/((-1)/(127/(-2))) a composite number?
False
Let u be (15/(-4))/(6/(-16)). Let b = -20 + u. Is (-1 - b)/(-2 - -3) prime?
False
Let a = -258 + -85. Let f = a - -598. Is (-1)/(2 + f/(-127)) prime?
True
Let q be 5 + -4 + 2 - -1. Suppose q*h - 9*h + 2435 = 0. Is h a composite number?
False
Let k = 3182 - 1473. Is k prime?
True
Suppose i = -0*i. Suppose -5*j = 2*q - 0*q - 1601, -j - 3*q + 328 = i. Is j a composite number?
True
Let f(j) = 2*j**2 + 8*j - 11. Is f(-13) composite?
False
Let o = -238 + 427. Suppose 0 = 3*m - 9, v + o = 3*v + m. Suppose 2*b = 61 + v. Is b prime?
False
Let p(u) = -u**2 + 4*u + 2. Let m be p(4). Suppose -235 = m*b - t - 991, 4 = 2*t. Is b prime?
True
Suppose 13*c + 125 = 51384. Is c prime?
True
Suppose 3*t + 9*t - 7572 = 0. Is t a composite number?
False
Suppose 3*o = -0*o. Suppose 3*b + 0*b - 3*i - 114 = o, 0 = 2*b - 3*i - 77. Is b prime?
True
Suppose 2*w - 280 - 10 = 0. Is w prime?
False
Suppose -5*u + 2*g + 0*g - 99 = 0, -u = -g + 18. Let w = u + 13. Is (6/(-5))/(w/740) a prime number?
False
Let x = -12 + 65. Is x composite?
False
Let c = -297 - -710. Is c composite?
True
Suppose -330 = -5*d - 3*w, 5*d + 0*w = 5*w + 370. Is d prime?
False
Let m(w) = w**3 - 5*w**2 - 11*w + 4. Let a be m(7). Let x = 210 - a. Is x a prime number?
False
Suppose -2*f - 1962 = -4*m - 0*f, 963 = 2*m + 5*f. Is m a prime number?
False
Let r be 6 + (-1 - 3) + 2. Suppose r = o, -5*q + 3*o + 388 = 155. Is q a composite number?
True
Suppose -3*z - 5*w = -8642, -5*w = 5*z - 6*w - 14394. Is z prime?
True
Suppose -4*v + 3*g = 3, -2*v + 2 = -0*v + 2*g. Suppose v = -4*q + 4*w + 82 + 146, -2*q + 120 = w. Is q prime?
True
Let c be 1*303 - (4 - 6). Suppose 0 = -5*t - 3*h + c, -3*t + 0*h + 184 = 2*h. Is t a prime number?
False
Let y(a) = -a**2 - 4*a + 7. Let v be y(-5). Suppose 4*m - v = -5*u, 0 = u + 4*m + 9 - 3. Suppose -2*k - 8 = 0, -u*g = -0*g - 2*k - 330